NOAA rapporten

Selecteer een rapport:
V/Λ2020 > jan feb mrt apr mei jun jul aug sep okt nov dec
V/Λ2019 > jan feb mrt apr mei jun jul aug sep okt nov dec
V/Λ2018 > jan feb mrt apr mei jun jul aug sep okt nov dec
V/Λ2017 > jan feb mrt apr mei jun jul aug sep okt nov dec
V/Λ2016 > jan feb mrt apr mei jun jul aug sep okt nov dec
V/Λ2015 > jan feb mrt apr mei jun jul aug sep okt nov dec
V/Λ2014 > jan feb mrt apr mei jun jul aug sep okt nov dec
V/Λ2013 > jan feb mrt apr mei jun jul aug sep okt nov dec
V/Λ2012 > jan feb mrt apr mei jun jul aug sep okt nov dec

Rapport voor 2020 jan
                   Monthly Climatological Summary for jan 2020

Name: Weerstation Opheusden   City: Opheusden   State: Gelderland
Elevation: 0 ft  Lat: S 00 00' 00"   Lon: W 000 00' 00"

                  Temperature (C), Rain (mm), Wind Speed (km/h)

                                      Heat  Cool        Avg
    Mean                              Deg   Deg         Wind                 Dom
Day Temp  High   Time   Low    Time   Days  Days  Rain  Speed High   Time    Dir
----------------------------------------------------------------------------------
 1   0,5   2,2   00:00  -0,7   09:06 884,0   0,0   0,0   0,0   0,0   00:00   ---
 2   3,1   6,8   23:47   0,7   01:09 874,0   0,0   0,3   0,0   0,0   00:00   ---
 3   8,2   9,8   15:30   5,5   20:16 770,0   0,0   5,0   0,0   0,0   00:00   ---
 4   7,0   7,8   14:01   0,0   00:00 500,0   0,0   4,1   0,0   0,0   00:00   ---
 5   6,7   7,3   13:57   6,2   20:41 593,0   0,0   0,0   0,0   0,0   00:00   ---
 6   6,1   7,4   13:56   4,0   19:25 716,0   0,0   0,3   0,0   0,0   00:00   ---
 7   6,7   7,9   16:17   0,0   00:08 860,0   0,0   0,5   0,0   0,0   00:08   ---
 8  10,1  11,6   11:18   7,5   00:00 878,0   0,0   2,5   0,0   0,0   00:00   ---
 9  11,4  12,7   17:17   9,4   00:07 832,0   0,0   4,6   0,0   0,0   00:00   ---
10   7,0  11,6   00:00   2,8   22:48 886,0   0,0   3,5   0,0   0,0   00:00   ---
11   4,7   6,9   14:00   2,7   00:12 697,0   0,0   0,0   0,0   0,0   00:00   ---
12   6,8   9,8   17:51   4,2   05:18 881,0   0,0   1,8   0,0   0,0   00:00   ---
13   7,7  10,1   23:47   5,8   07:00 879,0   0,0   0,0   0,0   0,0   00:00   ---
----------------------------------------------------------------------------------
     6,6  12,7     9    -0,7     1 10250,0   0,0  22,6   0,0   0,0     0     ---

Max >=  27,0:  0
Max <=   0,0:  0
Min <=   0,0:  3
Min <= -18,0:  0
Max Rain: 5,0 on day 3
Days of Rain: 0 (>= 999,0 mm)  5 (>= 2,0 mm)  0 (>= 20,0 mm)
Heat Base: 999,0  Cool Base: 999,0  Method: Integration