NOAA rapporten

Selecteer een rapport:
V/Λ2019 > jan feb mrt apr mei jun jul aug sep okt nov dec
V/Λ2018 > jan feb mrt apr mei jun jul aug sep okt nov dec
V/Λ2017 > jan feb mrt apr mei jun jul aug sep okt nov dec
V/Λ2016 > jan feb mrt apr mei jun jul aug sep okt nov dec
V/Λ2015 > jan feb mrt apr mei jun jul aug sep okt nov dec
V/Λ2014 > jan feb mrt apr mei jun jul aug sep okt nov dec
V/Λ2013 > jan feb mrt apr mei jun jul aug sep okt nov dec
V/Λ2012 > jan feb mrt apr mei jun jul aug sep okt nov dec

Rapport voor 2019 sep
                   Monthly Climatological Summary for sep 2019

Name: Weerstation Opheusden   City: Opheusden   State: Gelderland
Elevation: 0 ft  Lat: S 00 00' 00"   Lon: W 000 00' 00"

                  Temperature (C), Rain (mm), Wind Speed (km/h)

                                      Heat  Cool        Avg
    Mean                              Deg   Deg         Wind                 Dom
Day Temp  High   Time   Low    Time   Days  Days  Rain  Speed High   Time    Dir
----------------------------------------------------------------------------------
 1  17,5  20,6   14:23  13,8   23:55 885,0   0,0   0,0   3,2  32,2   16:41   NNW
 2  15,8  21,0   14:57  11,6   06:28 893,0   0,0   0,0   2,8  27,4   13:15    NW
 3  16,3  19,5   16:26  13,2   01:36 882,0   0,0   0,0   5,1  30,6   11:23     W
 4  16,0  20,0   13:40  12,8   23:02 885,0   0,0   5,4   9,9  38,6   11:14   WZW
 5  14,0  17,6   15:17  10,7   23:53 887,0   0,0   1,8   6,3  35,4   11:38    NW
 6  13,8  19,2   14:53   8,6   06:12 891,0   0,0   0,0   8,4  40,2   13:31   WZW
 7  14,6  18,6   12:46  12,8   06:36 872,0   0,0   1,5   2,7  29,0   12:57    NW
 8  14,5  18,3   17:37  11,4   23:56 881,0   0,0   0,0   2,2  25,7   00:56   NNO
 9  13,1  19,3   16:37   8,2   05:59 891,0   0,0   0,0   0,9  20,9   14:39     W
10  14,0  20,4   17:23   7,4   07:21 882,0   0,0   0,0   0,6  19,3   14:28    NW
11  13,9  16,4   23:57  10,6   04:34 887,0   0,0   3,0   9,8  38,6   13:59    ZW
12  18,9  22,6   15:37  16,4   00:00 870,0   0,0   0,0   7,2  32,2   13:15     W
13  18,0  21,1   15:37  13,1   23:54 877,0   0,0   1,6   3,8  29,0   00:29    NW
14  14,5  21,2   16:58   8,4   07:33 897,0   0,0   0,0   0,5  17,7   11:37   OZO
----------------------------------------------------------------------------------
    15,3  22,6    12     7,4    10 12380,0   0,0  13,3   4,5  40,2     6       W

Max >=  27,0:  0
Max <=   0,0:  0
Min <=   0,0:  0
Min <= -18,0:  0
Max Rain: 5,4 on day 4
Days of Rain: 0 (>= 999,0 mm)  2 (>= 2,0 mm)  0 (>= 20,0 mm)
Heat Base: 999,0  Cool Base: 999,0  Method: Integration