NOAA rapporten

Selecteer een rapport:
V/Λ2019 > jan feb mrt apr mei jun jul aug sep okt nov dec
V/Λ2018 > jan feb mrt apr mei jun jul aug sep okt nov dec
V/Λ2017 > jan feb mrt apr mei jun jul aug sep okt nov dec
V/Λ2016 > jan feb mrt apr mei jun jul aug sep okt nov dec
V/Λ2015 > jan feb mrt apr mei jun jul aug sep okt nov dec
V/Λ2014 > jan feb mrt apr mei jun jul aug sep okt nov dec
V/Λ2013 > jan feb mrt apr mei jun jul aug sep okt nov dec
V/Λ2012 > jan feb mrt apr mei jun jul aug sep okt nov dec

Rapport voor 2019 jul
                   Monthly Climatological Summary for jul 2019

Name: Weerstation Opheusden   City: Opheusden   State: Gelderland
Elevation: 0 ft  Lat: S 00 00' 00"   Lon: W 000 00' 00"

                  Temperature (C), Rain (mm), Wind Speed (km/h)

                                      Heat  Cool        Avg
    Mean                              Deg   Deg         Wind                 Dom
Day Temp  High   Time   Low    Time   Days  Days  Rain  Speed High   Time    Dir
----------------------------------------------------------------------------------
 1  19,6  23,3   14:02  16,2   05:20183000000102400,0   0,0   0,0   6,4  40,2   14:53    NW
 2  18,6  23,1   16:47  14,3   06:03183000000102400,0   0,0   0,0   2,7  25,7   18:33   NNO
 3  16,7  21,3   16:03  11,6   05:28183000000102400,0   0,0   0,0   3,3  27,4   17:57   NNO
 4  17,8  25,4   16:30   9,9   05:35183000000102400,0   0,0   0,0   1,2  19,3   19:17    NW
 5  20,2  25,1   17:07  16,3   05:28183000000102400,0   0,0   0,0   5,0  38,6   13:59    NW
 6  18,3  24,9   13:21  14,2   05:48183000000102400,0   0,0   3,5   4,6  33,8   13:28    NW
 7  15,6  19,4   15:13  11,6   05:00183000000102400,0   0,0   0,0   3,7  29,0   18:44     N
 8  14,5  18,0   12:59  10,8   04:58183000000102400,0   0,0   0,0   4,5  30,6   11:12   NNW
 9  16,4  21,3   17:41  11,4   06:28183000000102400,0   0,0   0,3   2,9  29,0   18:24   NNO
10  15,5  20,7   13:05  10,9   05:23181999994142720,0   0,0   3,0   0,6  22,5   14:35   WZW
11  20,0  26,2   16:19  15,1   03:34183000000102400,0   0,0   0,8   2,7  30,6   14:02    NW
12  17,9  22,9   11:41  15,9   05:21183000000102400,0   0,0   6,6   3,4  29,0   19:27   NNW
13  17,5  21,4   12:32  15,0   23:18183000000102400,0   0,0   1,0   3,5  27,4   17:58     N
14  16,3  19,9   18:06  14,1   07:36183000000102400,0   0,0   0,0   3,1  25,7   16:46   NNO
15  15,8  19,4   16:51  13,4   09:48183000000102400,0   0,0   0,5   2,1  22,5   16:55     N
16  16,4  19,5   16:08  14,3   05:16183000000102400,0   0,0   0,0   0,8  16,1   02:26   NNW
17  18,4  25,2   16:21  11,3   05:58183000000102400,0   0,0   0,0   0,2  17,7   14:39   NNW
----------------------------------------------------------------------------------
    17,4  26,2    11     9,9     43109999777677312,0   0,0  15,7   3,0  40,2     1     NNW

Max >=  27,0:  0
Max <=   0,0:  0
Min <=   0,0:  0
Min <= -18,0:  0
Max Rain: 6,6 on day 12
Days of Rain: 0 (>= 2E14 mm)  3 (>= 2,0 mm)  0 (>= 20,0 mm)
Heat Base: 1,83E14  Cool Base: 1,83E14  Method: Integration