Rapport voor 2012 sep
Monthly Climatological Summary for sep 2012
Name: www.weerstationopheusden.nl City: Opheusden State:
Elevation: 0 ft Lat: N 52° 33' 09" Lon: E 006° 03' 60"
Temperature (°C), Rain (mm), Wind Speed (km/h)
Heat Cool Avg
Mean Deg Deg Wind Dom
Day Temp High Time Low Time Days Days Rain Speed High Time Dir
----------------------------------------------------------------------------------
1 14,5 20,8 17:11 9,6 06:56 4,0 0,2 0,0 2,1 17,7 13:17 W
2 16,1 20,8 16:30 11,2 07:23 2,6 0,4 0,0 4,2 24,1 11:46 WSW
3 18,8 23,0 16:37 15,8 06:21 0,8 1,2 0,0 1,2 19,3 17:50 NNW
4 18,1 25,3 17:35 12,2 06:43 2,0 1,8 0,0 3,0 20,9 19:03 W
5 17,0 19,7 15:52 14,4 23:00 1,5 0,2 0,0 4,1 25,7 17:26 N
6 16,1 19,3 17:50 12,9 23:50 2,3 0,1 0,0 2,2 17,7 13:28 W
7 17,0 23,7 17:43 11,4 03:51 2,7 1,4 0,0 6,3 25,7 11:12 WSW
8 19,0 25,9 17:17 13,8 05:48 1,5 2,1 0,0 2,9 17,7 11:57 SW
9 20,0 29,3 17:34 13,1 06:14 1,7 3,4 0,3 2,6 20,9 15:59 S
10 19,7 24,4 16:05 15,6 05:44 0,6 2,0 -0,1 4,0 32,2 11:12 SW
11 16,7 18,3 00:00 13,2 23:54 1,6 0,0 2,3 6,5 32,2 16:21 WSW
12 13,6 16,7 17:09 10,8 07:48 4,6 0,0 0,8 6,5 32,2 11:00 W
13 14,0 17,9 17:06 10,6 04:53 4,3 0,0 0,5 2,8 19,3 17:04 NNW
14 13,7 16,8 16:20 11,2 05:36 4,6 0,0 1,0 12,2 43,5 16:35 SW
15 15,2 19,6 14:43 11,6 06:32 3,2 0,1 0,0 3,9 27,4 14:02 WSW
16 14,7 20,7 17:37 9,1 07:38 3,9 0,3 0,0 3,7 29,0 12:38 SW
17 16,7 20,8 15:57 13,3 03:11 2,0 0,4 0,8 5,7 35,4 15:45 SW
18 14,1 17,1 13:17 10,5 23:54 4,2 0,0 2,0 8,4 35,4 16:23 WSW
19 10,5 14,3 16:43 8,5 04:22 7,8 0,0 5,3 6,4 45,1 15:13 W
20 10,8 17,0 16:34 6,0 06:00 7,5 0,0 0,0 5,0 25,7 13:59 SW
21 12,2 16,7 14:46 8,7 05:04 6,1 0,0 0,0 1,7 16,1 12:29 SW
22 11,1 15,9 15:02 7,9 23:56 4,3 0,0 0,8 3,0 35,4 13:42 NW
23 9,5 15,1 13:58 4,6 06:49 8,8 0,0 8,9 7,5 48,3 22:55 E
24 14,1 21,4 14:19 9,7 03:38 4,1 0,2 10,1 17,7 82,1 15:22 S
25 13,2 16,5 14:28 10,8 17:06 4,9 0,0 23,4 14,6 45,1 13:00 SSW
26 13,4 16,3 17:07 11,1 23:52 4,9 0,0 2,6 13,3 43,5 11:38 SSW
27 12,7 15,8 12:21 10,2 01:57 5,5 0,0 11,9 7,6 33,8 12:21 SW
28 13,0 17,6 15:48 9,6 04:02 5,2 0,0 0,2 10,3 32,2 08:47 SW
29 12,6 15,7 14:57 9,5 23:47 5,6 0,0 1,3 8,8 40,2 14:16 WSW
30 11,5 17,7 16:11 6,6 08:00 6,8 0,0 0,0 6,7 32,2 12:04 SW
----------------------------------------------------------------------------------
14,7 29,3 9 4,6 23 119,6 13,8 72,1 5,8 82,1 24 SW
Max >= 27,0: 1
Max <= 0,0: 0
Min <= 0,0: 0
Min <= -18,0: 0
Max Rain: 23,4 on day 25
Days of Rain: 16 (>= 0,2 mm) 8 (>= 2,0 mm) 1 (>= 20,0 mm)
Heat Base: 18,3 Cool Base: 18,3 Method: Integration