Rapport voor 2012 dec
Monthly Climatological Summary for dec 2012
Name: www.weerstationopheusden.nl City: Opheusden State:
Elevation: 0 ft Lat: N 52° 33' 09" Lon: E 006° 03' 60"
Temperature (°C), Rain (mm), Wind Speed (km/h)
Heat Cool Avg
Mean Deg Deg Wind Dom
Day Temp High Time Low Time Days Days Rain Speed High Time Dir
----------------------------------------------------------------------------------
1 3,3 4,8 13:53 1,9 20:16 14,6 0,0 3,0 12,4 48,3 18:21 SW
2 2,8 5,6 12:52 -0,1 23:03 15,5 0,0 1,0 11,1 30,6 11:27 W
3 1,9 5,6 19:55 -0,8 02:08 15,3 0,0 5,9 8,0 33,8 15:54 SW
4 3,5 6,0 12:40 1,9 04:28 14,3 0,0 5,3 9,8 48,3 13:49 WSW
5 1,5 2,7 12:32 0,1 09:02 16,8 0,0 1,0 3,8 27,4 21:24 W
6 0,3 2,2 14:38 -1,4 09:11 18,0 0,0 0,8 7,8 30,6 00:19 WSW
7 0,3 1,4 05:59 -0,5 23:54 18,0 0,0 0,2 12,3 41,8 08:34 SSE
8 -3,6 0,6 23:58 -7,9 09:03 21,9 0,0 0,3 2,6 22,5 23:26 NNE
9 3,6 6,5 14:33 0,6 00:00 14,7 0,0 13,7 23,3 46,7 20:11 WSW
10 3,4 5,4 00:43 0,4 23:59 13,4 0,0 0,5 14,2 38,6 00:15 NNW
11 0,1 1,4 15:16 -1,0 08:37 17,4 0,0 0,0 4,5 20,9 03:56 NW
12 0,8 2,9 13:14 -1,1 22:41 15,8 0,0 2,1 8,3 29,0 04:51 WSW
13 -1,1 0,2 13:58 -2,2 08:05 19,4 0,0 0,0 3,0 17,7 11:48 SE
14 4,1 8,9 23:55 0,1 00:00 13,2 0,0 9,6 12,6 43,5 14:29 SE
15 8,3 9,3 13:04 6,9 07:32 9,9 0,0 1,3 17,3 41,8 10:43 SSW
16 7,3 8,1 14:55 5,9 00:00 11,0 0,0 3,0 16,9 32,2 01:33 SW
17 6,3 7,6 14:52 4,4 02:10 11,3 0,0 4,9 6,6 20,9 10:54 SW
18 5,3 6,4 14:14 4,2 03:33 13,0 0,0 1,7 3,0 17,7 00:12 SW
19 5,3 6,2 14:41 4,1 23:53 12,9 0,0 0,0 3,1 22,5 21:03 ESE
20 3,0 4,2 14:03 1,6 07:17 14,4 0,0 5,9 13,4 40,2 10:55 ESE
21 4,0 6,6 23:50 2,4 00:00 14,2 0,0 3,3 5,1 27,4 00:19 ESE
22 6,8 7,4 12:26 6,2 07:39 11,4 0,0 11,2 10,1 35,4 17:31 S
23 11,1 12,6 13:42 7,4 00:00 7,2 0,0 22,6 22,2 48,3 13:55 WSW
24 9,9 11,9 21:30 7,6 08:44 7,4 0,0 2,2 14,3 48,3 19:20 SW
25 9,0 10,6 00:00 7,6 08:43 8,8 0,0 14,8 16,9 57,9 18:37 SW
26 7,4 8,7 20:25 5,9 08:02 10,7 0,0 6,1 16,3 53,1 20:42 SW
27 7,8 9,3 02:27 5,6 23:35 10,4 0,0 252,9 10,7 49,9 02:43 WSW
28 6,0 9,6 23:45 2,6 06:34 11,5 0,0 2,5 11,4 41,8 20:22 SSW
29 10,4 11,4 15:05 9,1 23:56 7,0 0,0 1,0 24,6 49,9 20:27 SSW
30 7,6 9,1 00:00 5,6 08:57 10,7 0,0 1,8 21,8 53,1 14:43 SW
31 9,1 10,1 18:54 8,1 07:42 9,2 0,0 2,8 27,8 56,3 15:34 SW
----------------------------------------------------------------------------------
4,7 12,6 23 -7,9 8 409,3 0,0 381,4 14,2 57,9 25 SW
Max >= 27,0: 0
Max <= 0,0: 0
Min <= 0,0: 8
Min <= -18,0: 0
Max Rain: 252,9 on day 27
Days of Rain: 28 (>= 0,2 mm) 18 (>= 2,0 mm) 2 (>= 20,0 mm)
Heat Base: 18,3 Cool Base: 18,3 Method: Integration