Rapport voor 2013 apr
Monthly Climatological Summary for apr 2013
Name: www.weerstationopheusden.nl City: Opheusden State:
Elevation: 0 ft Lat: N 52° 33' 09" Lon: E 006° 03' 60"
Temperature (°C), Rain (mm), Wind Speed (km/h)
Heat Cool Avg
Mean Deg Deg Wind Dom
Day Temp High Time Low Time Days Days Rain Speed High Time Dir
----------------------------------------------------------------------------------
1 2,3 8,3 16:22 -2,9 07:21 15,9 0,0 0,0 7,0 32,2 12:49 ENE
2 3,3 9,4 17:11 -2,2 06:54 15,0 0,0 0,0 12,3 49,9 12:52 ENE
3 3,2 8,6 15:42 -0,1 04:55 15,1 0,0 0,0 12,9 49,9 12:28 ENE
4 3,2 5,3 18:14 1,1 00:00 15,1 0,0 0,0 11,4 46,7 09:40 ENE
5 4,4 7,7 16:33 2,1 08:20 13,9 0,0 0,0 10,1 35,4 01:49 ENE
6 5,2 10,6 15:10 2,3 07:41 13,1 0,0 0,0 7,5 33,8 14:16 NE
7 4,0 11,2 16:04 -1,1 04:40 14,3 0,0 0,0 2,2 17,7 16:03 N
8 6,0 11,0 14:23 1,2 06:40 12,3 0,0 0,0 8,3 35,4 14:12 E
9 6,5 11,4 13:37 2,3 03:59 11,8 0,0 1,0 4,9 29,0 13:53 ESE
10 7,3 11,8 15:53 3,9 23:12 11,0 0,0 0,5 5,3 33,8 15:34 W
11 8,1 11,6 18:04 3,9 00:00 10,2 0,0 6,9 9,9 46,7 13:24 SW
12 9,1 15,3 15:12 5,3 03:44 9,2 0,0 3,8 11,0 48,3 15:58 SW
13 10,7 15,9 16:49 6,7 03:55 7,6 0,0 0,0 11,4 48,3 02:16 WSW
14 16,0 21,9 16:21 10,9 00:00 3,1 0,8 0,5 12,9 40,2 02:01 S
15 14,0 16,8 15:51 10,4 07:16 4,3 0,0 2,0 4,4 25,7 09:37 SW
16 12,6 18,9 14:44 6,2 05:50 5,7 0,0 0,0 9,1 43,5 12:44 SW
17 15,7 22,6 16:20 10,0 06:09 3,4 0,8 0,0 9,5 38,6 15:18 SSW
18 14,4 17,1 16:27 11,0 23:57 3,9 0,0 0,0 19,6 61,2 13:28 WSW
19 9,2 13,4 15:42 5,7 23:58 9,1 0,0 0,8 10,0 33,8 00:19 W
20 7,6 14,2 17:32 1,6 06:39 10,7 0,0 0,0 7,9 33,8 15:26 NE
21 9,1 16,2 18:07 2,1 06:43 9,2 0,0 0,0 3,7 25,7 20:24 NNW
22 10,2 17,0 17:19 2,6 06:02 8,1 0,0 0,0 5,6 27,4 14:16 WSW
23 11,9 17,0 17:14 9,6 23:58 6,4 0,0 0,3 9,7 32,2 11:15 WSW
24 14,6 22,2 14:30 7,4 05:50 4,5 0,8 0,0 8,0 33,8 16:03 WSW
25 16,9 25,3 17:37 11,3 06:46 2,8 1,5 0,0 3,8 29,0 15:50 WSW
26 9,9 15,3 00:00 6,5 23:54 8,4 0,0 10,6 8,9 35,4 13:29 N
27 7,9 12,2 15:33 4,5 05:50 9,9 0,0 0,0 6,9 32,2 13:55 N
28 8,1 14,9 17:21 1,6 06:28 9,9 0,0 0,0 7,2 25,7 17:06 SW
29 8,6 14,0 16:30 4,8 05:31 9,2 0,0 0,5 13,5 35,4 11:19 WSW
30 10,0 15,9 14:47 4,3 06:19 8,3 0,0 0,0 5,1 30,6 15:19 NNE
----------------------------------------------------------------------------------
9,0 25,3 25 -2,9 1 281,4 3,9 26,9 8,7 61,2 18 SW
Max >= 27,0: 0
Max <= 0,0: 0
Min <= 0,0: 4
Min <= -18,0: 0
Max Rain: 10,6 on day 26
Days of Rain: 10 (>= 0,2 mm) 4 (>= 2,0 mm) 0 (>= 20,0 mm)
Heat Base: 18,3 Cool Base: 18,3 Method: Integration