Rapport voor 2014 apr
Monthly Climatological Summary for apr 2014
Name: www.weerstationopheusden.nl City: Opheusden State:
Elevation: 0 ft Lat: N 52° 33' 09" Lon: E 006° 03' 60"
Temperature (°C), Rain (mm), Wind Speed (km/h)
Heat Cool Avg
Mean Deg Deg Wind Dom
Day Temp High Time Low Time Days Days Rain Speed High Time Dir
----------------------------------------------------------------------------------
1 14,9 20,7 17:19 8,9 07:40 3,8 0,4 0,0 1,9 20,9 13:59 SW
2 14,8 22,2 16:16 7,6 06:43 4,3 0,9 0,0 1,1 25,7 12:37 E
3 15,7 23,9 15:56 9,0 07:05 3,5 1,0 0,0 2,0 30,6 16:47 S
4 13,9 15,7 16:21 12,6 23:43 4,4 0,0 0,0 0,9 17,7 16:54 WNW
5 13,6 18,6 17:17 10,7 06:56 4,7 0,0 0,0 1,4 19,3 17:23 WSW
6 13,4 18,8 15:29 8,3 05:09 4,9 0,0 0,7 5,5 32,2 15:40 SW
7 16,7 22,8 16:15 12,9 03:32 2,5 1,0 4,8 8,4 32,2 15:21 SW
8 9,8 13,8 00:00 5,9 22:47 8,4 0,0 4,9 15,6 56,3 18:01 W
9 9,8 14,7 15:31 5,0 06:25 8,5 0,0 0,2 8,3 41,8 14:15 W
10 12,5 16,2 13:41 10,1 06:41 5,8 0,0 0,0 2,5 20,9 13:02 WSW
11 12,4 16,8 17:33 9,1 23:56 5,9 0,0 0,0 2,4 20,9 15:25 N
12 10,3 15,3 15:56 4,3 07:23 7,9 0,0 0,0 4,6 35,4 15:26 W
13 10,8 13,7 15:19 8,3 22:34 7,5 0,0 0,0 8,6 40,2 13:32 W
14 9,3 11,8 16:28 6,2 23:57 9,0 0,0 3,6 13,3 49,9 15:19 WNW
15 7,2 11,2 17:20 4,4 06:13 11,1 0,0 1,5 5,9 32,2 17:30 NNW
16 8,9 16,8 17:09 1,6 06:33 9,3 0,0 0,0 1,7 20,9 17:37 ESE
17 11,4 18,9 16:01 5,2 06:58 6,7 0,0 0,8 9,5 38,6 14:41 WSW
18 9,1 13,1 16:19 5,6 06:38 8,8 0,0 0,2 8,3 38,6 13:34 NNW
19 11,4 18,9 17:02 6,2 00:29 6,9 0,0 0,0 7,8 40,2 18:40 ENE
20 16,2 22,6 16:55 10,9 06:41 3,0 0,9 0,0 12,0 49,9 15:09 E
21 12,8 15,1 00:00 9,3 06:53 5,4 0,0 0,0 4,0 29,0 11:40 E
22 14,6 20,7 17:41 9,3 07:16 3,8 0,2 0,0 3,4 27,4 10:31 SW
23 15,3 23,2 17:17 8,8 05:54 3,8 0,8 0,0 0,9 17,7 11:55 S
24 14,4 21,9 14:58 9,8 05:02 4,2 0,3 9,2 1,8 25,7 18:24 N
25 17,3 25,1 16:59 12,2 06:06 2,5 1,6 4,0 6,5 35,4 15:03 E
26 15,4 19,9 16:58 11,1 06:51 3,0 0,2 0,0 3,1 20,9 12:33 SSW
27 13,3 17,4 16:39 11,4 09:00 5,0 0,0 4,3 1,6 19,3 17:14 ESE
28 13,9 18,2 16:20 9,4 05:47 4,4 0,0 0,0 0,8 16,1 11:25 ENE
29 14,7 16,8 14:52 13,2 03:56 3,6 0,0 2,1 0,4 17,7 18:28 NNW
30 15,0 19,7 15:53 12,4 05:06 3,4 0,1 0,0 3,6 27,4 17:36 W
----------------------------------------------------------------------------------
13,0 25,1 25 1,6 16 166,0 7,4 36,3 4,9 56,3 8 W
Max >= 27,0: 0
Max <= 0,0: 0
Min <= 0,0: 0
Min <= -18,0: 0
Max Rain: 9,2 on day 24
Days of Rain: 12 (>= 0,2 mm) 7 (>= 2,0 mm) 0 (>= 20,0 mm)
Heat Base: 18,3 Cool Base: 18,3 Method: Integration