Rapport voor 2015 apr
Monthly Climatological Summary for apr 2015
Name: www.weerstationopheusden.nl City: Opheusden State:
Elevation: 0 ft Lat: N 52° 33' 09" Lon: E 006° 03' 60"
Temperature (°C), Rain (mm), Wind Speed (km/h)
Heat Cool Avg
Mean Deg Deg Wind Dom
Day Temp High Time Low Time Days Days Rain Speed High Time Dir
----------------------------------------------------------------------------------
1 5,9 8,7 16:26 3,4 13:39 12,3 0,0 8,7 21,3 66,0 12:56 WNW
2 6,2 8,8 15:09 4,3 07:42 12,1 0,0 7,1 13,3 43,5 12:25 NW
3 7,4 11,3 15:54 3,9 06:42 10,9 0,0 0,0 2,8 19,3 02:29 WZW
4 6,1 10,3 15:42 2,8 07:54 12,2 0,0 1,8 5,2 29,0 18:04 NNO
5 5,9 11,9 15:26 0,8 06:54 12,4 0,0 0,0 2,2 20,9 17:41 N
6 7,5 12,4 14:52 3,7 02:02 10,8 0,0 0,0 0,6 11,3 08:27 W
7 7,8 13,4 16:13 1,7 06:08 10,5 0,0 0,0 3,9 29,0 17:34 W
8 9,5 15,3 16:34 5,8 02:53 8,8 0,0 0,0 0,5 16,1 14:16 ZW
9 11,7 18,8 15:37 5,6 05:08 6,6 0,0 0,0 0,5 12,9 08:43 OZO
10 13,1 21,6 17:45 5,6 06:27 5,8 0,5 0,0 0,4 19,3 15:23 ZW
11 10,2 14,3 10:34 4,7 23:48 8,1 0,0 3,0 8,7 64,4 17:16 WZW
12 9,8 16,5 17:47 3,2 05:57 8,4 0,0 0,0 10,7 46,7 23:13 ZW
13 9,6 13,6 16:28 5,1 07:00 8,7 0,0 0,0 5,8 41,8 00:16 WNW
14 12,4 21,0 16:30 4,6 06:38 6,3 0,4 0,0 7,1 46,7 18:53 WZW
15 14,6 23,1 15:17 8,3 06:03 4,9 1,2 0,0 6,5 41,8 15:33 W
16 11,2 16,6 17:15 7,4 06:40 7,1 0,0 0,0 3,5 24,1 20:08 NO
17 9,5 13,8 15:51 6,4 23:57 8,8 0,0 0,0 5,2 32,2 18:09 NNO
18 9,4 16,8 16:27 2,6 07:02 8,9 0,0 0,0 5,4 29,0 12:03 NO
19 9,1 16,1 18:05 2,4 06:16 9,2 0,0 0,0 3,0 19,3 14:31 ONO
20 12,4 20,2 16:53 5,1 06:30 6,0 0,2 0,0 3,7 25,7 13:44 NNO
21 10,8 19,1 14:45 4,8 06:39 7,5 0,0 0,0 4,3 32,2 15:21 NNW
22 9,4 14,7 15:53 4,7 04:27 8,9 0,0 0,0 5,3 30,6 10:29 NNW
23 9,8 16,8 18:18 3,4 05:08 8,5 0,0 0,0 0,9 12,9 15:11 NW
24 13,5 22,4 16:14 4,1 06:51 5,5 0,7 0,0 4,0 32,2 16:05 WZW
25 12,9 16,5 13:49 10,2 23:54 5,4 0,0 2,0 6,8 32,2 12:31 ZW
26 12,1 16,0 13:58 9,3 23:59 6,2 0,0 11,7 8,2 27,4 10:51 WNW
27 9,8 14,3 15:37 5,2 23:59 8,3 0,0 0,0 10,2 32,2 16:31 N
28 7,1 12,7 16:23 0,8 06:31 11,2 0,0 0,0 7,1 49,9 14:04 W
29 7,8 15,1 12:27 2,6 05:05 8,1 0,0 0,0 6,2 38,6 12:08 ZW
30 10,5 16,1 15:44 6,7 06:38 7,8 0,0 2,0 11,0 40,2 13:59 WZW
----------------------------------------------------------------------------------
9,8 23,1 15 0,8 5 256,2 3,0 36,3 5,9 66,0 1 WNW
Max >= 27,0: 0
Max <= 0,0: 0
Min <= 0,0: 0
Min <= -18,0: 0
Max Rain: 11,7 on day 26
Days of Rain: 7 (>= 0,2 mm) 6 (>= 2,0 mm) 0 (>= 20,0 mm)
Heat Base: 18,3 Cool Base: 18,3 Method: Integration