Rapport voor 2015 jun
Monthly Climatological Summary for jun 2015
Name: www.weerstationopheusden.nl City: Opheusden State:
Elevation: 0 ft Lat: N 52° 33' 09" Lon: E 006° 03' 60"
Temperature (°C), Rain (mm), Wind Speed (km/h)
Heat Cool Avg
Mean Deg Deg Wind Dom
Day Temp High Time Low Time Days Days Rain Speed High Time Dir
----------------------------------------------------------------------------------
1 13,5 18,4 17:47 8,7 06:05 4,8 0,0 0,2 4,1 38,6 00:07 WZW
2 15,0 18,3 19:17 11,9 08:53 3,3 0,0 0,8 23,5 57,9 13:20 ZW
3 15,6 18,4 17:03 12,4 23:55 2,7 0,0 0,0 8,9 46,7 00:00 WZW
4 16,5 24,4 17:51 7,7 05:43 3,5 1,7 0,0 2,6 27,4 14:33 O
5 22,5 34,4 17:35 13,1 06:03 1,2 5,4 8,9 4,4 43,5 20:25 ZZW
6 17,5 20,9 17:42 13,6 23:59 1,3 0,4 0,0 8,1 32,2 08:33 W
7 15,1 20,4 16:39 10,2 05:52 3,5 0,3 0,0 3,7 27,4 12:26 NNW
8 13,5 18,9 17:20 8,1 04:30 4,8 0,0 0,0 6,3 35,4 20:44 NNO
9 12,5 17,2 18:52 7,6 05:26 5,8 0,0 0,0 6,0 30,6 09:02 NNO
10 16,3 23,9 17:34 8,4 05:50 3,5 1,5 0,0 5,0 33,8 13:56 NO
11 19,1 27,1 17:30 11,1 05:49 2,2 3,0 0,0 5,3 29,0 16:07 ONO
12 22,1 30,0 16:55 14,0 05:54 0,9 4,7 0,0 3,8 29,0 10:32 O
13 19,6 23,7 16:56 15,6 11:11 0,3 1,6 1,5 9,5 40,2 16:56 WZW
14 16,8 21,5 17:22 14,2 23:59 1,9 0,4 0,0 3,4 32,2 00:26 NW
15 15,0 19,9 14:57 11,5 23:58 3,5 0,2 0,0 6,8 30,6 18:49 NNO
16 13,1 17,4 14:50 7,6 05:29 5,2 0,0 0,0 1,7 20,9 13:27 NNO
17 16,6 24,0 17:36 8,7 05:15 3,1 1,4 0,5 7,8 38,6 18:26 WZW
18 15,9 17,7 11:52 12,6 23:07 2,4 0,0 1,0 9,8 38,6 12:23 WNW
19 12,8 15,6 14:07 11,2 05:39 5,5 0,0 8,7 4,4 38,6 14:09 WNW
20 13,3 16,6 17:12 10,4 06:02 5,0 0,0 0,5 1,6 19,3 13:16 WNW
21 15,4 20,0 15:46 12,8 05:54 3,0 0,1 4,5 6,1 41,8 15:17 WZW
22 13,6 15,6 16:13 11,0 23:57 4,7 0,0 2,8 7,1 38,6 16:21 WZW
23 12,4 15,4 14:16 9,3 02:23 5,9 0,0 1,0 6,1 35,4 18:13 WNW
24 16,5 22,8 16:48 12,2 04:31 2,8 1,0 0,0 4,5 27,4 13:30 WZW
25 19,2 26,4 16:50 12,6 05:36 1,6 2,5 0,0 2,3 22,5 15:32 WZW
26 21,3 26,5 15:41 16,0 05:25 0,6 3,6 0,0 1,6 20,9 12:21 ZW
27 19,5 23,1 16:21 16,0 23:58 0,4 1,6 4,9 8,0 38,6 14:32 WNW
28 19,0 25,8 17:06 12,1 05:23 1,7 2,3 0,0 2,2 22,5 10:50 ZW
29 20,5 26,7 17:06 15,2 05:41 0,5 2,6 0,0 2,4 27,4 15:41 W
30 21,7 29,9 17:22 13,2 05:17 1,2 4,7 0,0 2,1 22,5 18:16 O
----------------------------------------------------------------------------------
16,7 34,4 5 7,6 9 86,8 39,0 35,3 5,6 57,9 2 W
Max >= 27,0: 4
Max <= 0,0: 0
Min <= 0,0: 0
Min <= -18,0: 0
Max Rain: 8,9 on day 5
Days of Rain: 12 (>= 0,2 mm) 5 (>= 2,0 mm) 0 (>= 20,0 mm)
Heat Base: 18,3 Cool Base: 18,3 Method: Integration