Rapport voor 2016 jan
Monthly Climatological Summary for jan 2016
Name: Weerstation Opheusden City: Opheusden State:
Elevation: 0 ft Lat: S 00° 00' 00" Lon: W 000° 00' 00"
Temperature (°C), Rain (mm), Wind Speed (km/h)
Heat Cool Avg
Mean Deg Deg Wind Dom
Day Temp High Time Low Time Days Days Rain Speed High Time Dir
----------------------------------------------------------------------------------
1 4,3 6,2 03:19 1,9 09:08 14,0 0,0 0,0 3,5 22,5 00:02 ZZO
2 4,6 5,4 15:34 3,6 00:00 13,8 0,0 5,1 8,8 33,8 11:13 OZO
3 6,4 7,4 13:40 5,1 23:50 11,8 0,0 6,3 11,5 46,7 21:40 ZZO
4 4,7 6,2 21:27 3,7 04:19 13,5 0,0 13,4 3,6 35,4 00:46 ZO
5 6,4 7,4 13:48 4,9 23:58 11,9 0,0 0,6 3,3 19,3 07:09 Z
6 2,1 4,9 00:00 1,2 21:15 16,2 0,0 2,5 6,3 25,7 05:31 O
7 5,0 7,1 19:01 1,6 00:00 13,2 0,0 8,4 10,4 57,9 19:14 ZZW
8 4,4 7,2 14:23 1,1 23:10 13,9 0,0 0,0 9,6 38,6 00:41 ZW
9 4,8 19,4 15:45 0,7 01:14 13,6 0,0 0,5 5,7 32,2 23:25 ZZW
10 6,4 8,6 14:50 4,4 22:10 11,8 0,0 1,0 14,5 45,1 12:20 ZW
11 4,3 5,9 21:20 1,9 05:53 14,0 0,0 5,6 7,5 35,4 12:22 ZZW
12 5,2 6,4 12:44 3,4 22:40 13,1 0,0 7,9 13,8 46,7 14:57 ZW
13 4,4 6,1 02:51 1,8 23:54 13,8 0,0 7,8 8,1 40,2 01:00 W
14 2,9 4,4 14:04 1,3 01:41 15,4 0,0 7,9 17,1 53,1 22:54 ZZW
15 2,3 3,1 07:14 0,2 23:33 16,0 0,0 0,8 5,2 41,8 01:02 NW
16 1,5 4,7 15:12 -0,9 02:49 16,9 0,0 3,8 7,4 46,7 10:22 NW
17 -0,7 1,6 14:20 -4,3 23:30 18,9 0,0 0,0 1,6 19,3 00:40 NNW
18 -3,2 -0,7 14:28 -5,4 07:33 21,4 0,0 0,0 1,1 20,9 11:46 ZO
19 -2,9 0,2 19:18 -6,6 07:59 21,2 0,0 0,0 1,5 17,7 12:23 ZW
20 0,9 3,6 14:31 -1,0 00:00 17,5 0,0 0,5 1,3 19,3 13:27 WZW
21 -0,3 2,4 15:10 -1,9 23:02 18,3 0,0 0,2 0,7 17,7 12:38 Z
22 -0,1 3,2 23:59 -2,4 04:15 18,4 0,0 4,9 4,7 25,7 14:35 Z
23 5,4 7,3 14:11 2,5 08:54 13,0 0,0 0,0 5,6 25,7 03:26 WZW
24 6,4 8,8 19:30 4,2 03:30 11,8 0,0 2,5 16,4 29,0 11:10 ZW
25 9,3 13,1 14:49 5,9 05:08 8,9 0,0 0,0 5,1 30,6 23:33 ZZW
26 8,9 10,8 13:58 5,9 08:13 9,4 0,0 0,7 16,7 49,9 20:24 ZW
27 10,3 11,6 15:26 8,9 00:00 8,1 0,0 7,1 27,3 51,5 13:50 ZW
28 5,9 10,3 00:00 3,1 19:21 11,8 0,0 2,3 11,0 40,2 04:40 W
29 7,0 9,4 15:46 3,8 00:00 11,2 0,0 0,3 23,4 54,7 13:41 ZW
31 6,8 9,1 00:04 3,3 23:30 11,5 0,0 13,4 ---- 56,3 04:22 ZW
----------------------------------------------------------------------------------
4,1 19,4 9 -6,6 19 424,3 0,0 103,5 8,7 57,9 7 ZW
Max >= 27,0: 0
Max <= 0,0: 1
Min <= 0,0: 7
Min <= -18,0: 0
Max Rain: 13,4 on day 4
Days of Rain: 23 (>= 0,2 mm) 15 (>= 2,0 mm) 0 (>= 20,0 mm)
Heat Base: 18,3 Cool Base: 18,3 Method: Integration