Rapport voor 2016 jun
Monthly Climatological Summary for jun 2016
Name: Weerstation Opheusden City: Opheusden State:
Elevation: 0 ft Lat: S 00° 00' 00" Lon: W 000° 00' 00"
Temperature (°C), Rain (mm), Wind Speed (km/h)
Heat Cool Avg
Mean Deg Deg Wind Dom
Day Temp High Time Low Time Days Days Rain Speed High Time Dir
----------------------------------------------------------------------------------
1 20,1 25,3 17:48 15,9 03:30 0,8 2,6 1,6 4,3 33,8 19:55 NNO
2 17,7 22,2 14:33 14,2 23:54 1,3 0,7 0,0 7,4 29,0 02:15 NNO
3 17,8 23,5 17:47 13,9 03:36 1,8 1,3 0,0 1,3 20,9 19:07 N
4 20,7 28,1 18:37 14,4 04:56 1,2 3,6 0,0 1,7 25,7 16:59 NW
5 22,3 29,7 14:35 16,6 23:55 0,3 4,3 0,0 3,4 27,4 18:28 NO
6 20,2 27,9 16:27 11,9 05:46 1,8 3,7 0,0 1,5 19,3 18:00 NNO
7 21,6 29,7 18:02 16,1 05:37 0,5 3,8 0,0 1,9 30,6 18:07 O
8 17,6 22,8 14:18 13,7 23:55 1,5 0,8 0,0 3,3 29,0 16:57 NNO
9 16,5 21,4 16:35 12,4 06:08 2,5 0,7 0,0 2,9 22,5 15:08 NNO
10 17,2 22,9 15:00 11,4 05:32 2,4 1,3 0,0 1,0 16,1 15:20 NNO
11 17,4 23,1 16:33 12,9 05:48 1,9 1,0 0,5 0,4 17,7 09:26 ONO
12 17,3 23,2 13:22 15,1 21:59 1,4 0,5 12,9 0,5 32,2 18:53 ZW
13 16,3 19,7 14:32 14,7 05:45 2,1 0,1 11,4 4,4 33,8 16:08 WNW
14 15,8 20,6 17:54 13,9 05:07 2,7 0,1 2,6 4,2 33,8 18:18 WZW
15 14,8 19,7 15:34 12,4 04:01 3,6 0,0 21,1 1,0 32,2 16:05 WZW
16 14,5 17,2 20:20 13,8 23:23 3,8 0,0 3,8 0,1 16,1 07:39 NNW
17 15,6 19,6 16:16 13,1 06:08 2,8 0,1 12,2 1,7 22,5 12:59 NW
18 15,1 18,9 12:27 12,6 05:08 3,2 0,0 19,3 5,0 32,2 14:22 NW
19 15,8 20,5 18:10 12,1 04:14 2,8 0,3 0,0 3,7 29,0 12:45 NW
20 15,4 18,0 13:56 13,8 04:15 2,9 0,0 16,0 13,0 40,2 12:36 ZW
21 17,4 20,7 16:36 15,3 00:00 1,4 0,4 2,3 3,9 27,4 14:10 WZW
22 20,9 27,2 14:39 15,2 01:50 1,0 3,6 0,0 2,4 22,5 11:52 ZW
23 24,1 31,6 17:47 19,4 03:59 0,0 5,8 6,1 1,5 20,9 19:40 N
24 21,3 24,6 14:44 17,5 23:56 0,0 3,0 0,7 4,3 25,7 13:04 WNW
25 16,9 20,4 12:18 13,9 23:57 1,7 0,2 8,9 1,4 25,7 16:17 NW
26 15,1 19,7 17:09 11,3 05:25 3,3 0,1 12,5 5,5 30,6 18:31 WZW
27 15,2 17,3 18:50 13,1 04:19 3,1 0,0 2,5 8,3 40,2 11:48 ZW
28 17,7 23,6 16:51 11,7 05:37 2,2 1,6 0,0 2,5 27,4 19:01 ZZW
29 16,6 21,9 16:10 13,6 07:37 2,3 0,6 4,1 10,2 41,8 07:35 WZW
30 16,6 19,7 17:05 14,6 01:54 1,9 0,1 2,8 10,4 38,6 17:14 ZW
----------------------------------------------------------------------------------
17,7 31,6 23 11,3 26 58,2 40,3 141,3 3,8 41,8 29 W
Max >= 27,0: 6
Max <= 0,0: 0
Min <= 0,0: 0
Min <= -18,0: 0
Max Rain: 21,1 on day 15
Days of Rain: 18 (>= 0,2 mm) 15 (>= 2,0 mm) 1 (>= 20,0 mm)
Heat Base: 18,3 Cool Base: 18,3 Method: Integration