Rapport voor 2016 nov
Monthly Climatological Summary for nov 2016
Name: Weerstation Opheusden City: Opheusden State: Gelderland
Elevation: 0 ft Lat: S 00° 00' 00" Lon: W 000° 00' 00"
Temperature (°C), Rain (mm), Wind Speed (km/h)
Heat Cool Avg
Mean Deg Deg Wind Dom
Day Temp High Time Low Time Days Days Rain Speed High Time Dir
----------------------------------------------------------------------------------
1 8,5 12,9 15:20 4,8 06:27 9,8 0,0 0,5 0,9 25,7 16:09 NNO
2 6,8 10,8 13:24 4,2 23:53 11,5 0,0 4,1 2,7 35,4 13:26 NW
3 6,3 10,7 14:00 2,2 05:39 12,0 0,0 0,5 2,1 19,3 14:57 WZW
4 7,3 10,0 14:13 5,8 00:33 11,0 0,0 1,0 7,4 27,4 11:06 ZW
5 6,9 9,5 13:36 5,5 23:56 11,4 0,0 1,5 3,7 35,4 15:12 W
6 5,9 7,8 11:35 4,2 03:06 12,4 0,0 1,5 6,6 41,8 10:45 WZW
7 4,7 6,1 09:34 3,2 23:59 13,6 0,0 2,3 2,0 20,9 10:29 ONO
8 2,3 5,1 15:28 -1,2 08:41 16,0 0,0 1,3 1,5 25,7 22:26 ZZW
9 2,8 4,2 14:07 0,3 04:42 15,5 0,0 6,1 2,7 25,7 13:45 ZO
10 4,1 4,8 17:54 3,1 03:00 12,7 0,0 9,9 1,0 20,9 22:06 O
11 2,5 4,8 14:04 -1,6 23:59 15,8 0,0 2,0 3,9 27,4 03:16 NO
12 1,6 4,7 14:31 -2,2 01:38 16,7 0,0 0,0 2,8 20,9 17:18 ZZO
13 3,4 4,1 13:44 2,9 07:18 14,9 0,0 2,0 1,5 17,7 00:37 ZO
14 2,7 5,8 23:50 -0,6 04:38 15,6 0,0 3,9 5,8 30,6 19:50 ZZW
15 9,2 11,7 21:03 5,8 00:00 9,1 0,0 4,5 6,2 30,6 00:46 WZW
16 11,6 13,1 12:56 9,3 23:21 6,7 0,0 7,9 6,8 40,2 13:38 W
17 9,2 10,9 22:27 7,4 07:08 9,1 0,0 5,3 13,9 59,5 18:46 ZW
18 5,6 8,3 00:00 3,0 22:41 12,7 0,0 11,2 15,4 45,1 13:05 ZW
19 5,0 7,1 13:19 3,1 00:00 13,3 0,0 0,3 11,8 38,6 13:48 ZW
20 8,0 12,4 13:09 3,7 00:30 10,3 0,0 3,0 16,3 86,9 13:29 ZZW
21 11,3 13,4 14:06 7,6 00:00 7,0 0,0 4,1 7,1 32,2 19:33 Z
22 10,7 12,2 13:53 7,2 23:53 7,6 0,0 0,0 12,0 43,5 11:06 ZZW
23 8,1 11,3 13:50 5,2 06:30 10,2 0,0 0,0 1,1 17,7 22:56 ONO
24 6,8 8,5 03:28 3,7 23:25 11,5 0,0 0,0 8,4 30,6 10:19 ONO
25 3,5 7,7 14:15 0,6 22:56 14,8 0,0 0,0 6,7 35,4 12:49 O
26 -0,5 1,7 14:27 -2,1 08:10 18,6 0,0 0,0 0,7 11,3 00:57 ONO
27 5,0 8,7 14:24 1,1 00:00 13,3 0,0 0,0 2,4 17,7 09:30 N
28 0,0 3,4 13:48 -3,2 23:47 18,3 0,0 0,0 2,8 27,4 12:29 O
29 -2,8 1,1 14:33 -4,9 07:51 21,1 0,0 0,0 0,0 4,8 10:18 ---
30 0,1 4,7 15:48 -5,4 03:11 18,2 0,0 0,2 2,0 20,9 17:04 W
----------------------------------------------------------------------------------
5,2 13,4 21 -5,4 30 390,7 0,0 73,1 5,3 86,9 20 ZW
Max >= 27,0: 0
Max <= 0,0: 0
Min <= 0,0: 8
Min <= -18,0: 0
Max Rain: 11,2 on day 18
Days of Rain: 21 (>= 0,2 mm) 13 (>= 2,0 mm) 0 (>= 20,0 mm)
Heat Base: 18,3 Cool Base: 18,3 Method: Integration